 common divisor of 11 and 938993?
11
Calculate the greatest common divisor of 5335 and 330.
55
Calculate the greatest common factor of 273 and 29367.
39
What is the highest common factor of 712434 and 12?
6
Calculate the highest common divisor of 3525 and 2775.
75
What is the greatest common divisor of 576779 and 98?
49
What is the highest common factor of 2142 and 125613?
153
Calculate the greatest common divisor of 6447 and 9.
3
Calculate the greatest common divisor of 26 and 4652.
2
What is the highest common factor of 290 and 45530?
290
What is the highest common factor of 4344720 and 860?
860
What is the greatest common factor of 36182 and 4122?
458
What is the highest common factor of 2928 and 176?
16
What is the greatest common factor of 40 and 884380?
20
Calculate the greatest common factor of 220 and 18140.
20
What is the highest common divisor of 38620 and 20?
20
Calculate the highest common factor of 35972 and 340.
68
What is the greatest common factor of 25 and 1471?
1
What is the highest common factor of 37870 and 490?
70
Calculate the greatest common factor of 43494 and 638.
22
What is the highest common factor of 5591460 and 420?
420
What is the highest common factor of 72941 and 8360?
209
Calculate the highest common divisor of 126 and 1783824.
42
What is the greatest common factor of 19596 and 84?
12
What is the highest common factor of 497 and 1106606?
71
What is the greatest common factor of 422 and 14073278?
422
What is the greatest common factor of 201328 and 176?
16
Calculate the highest common factor of 676 and 1852.
4
What is the highest common divisor of 32 and 306512?
16
Calculate the highest common divisor of 21239 and 4121.
317
What is the highest common factor of 31788 and 11?
1
Calculate the greatest common divisor of 3906000 and 14.
14
What is the greatest common divisor of 4901 and 1164553?
377
Calculate the highest common divisor of 462 and 848001.
231
What is the greatest common divisor of 47333 and 2717?
143
What is the highest common factor of 31 and 379?
1
Calculate the highest common factor of 828 and 230.
46
Calculate the greatest common divisor of 583767 and 81.
81
What is the highest common factor of 10706 and 12826?
106
Calculate the greatest common divisor of 130309 and 21788.
419
Calculate the greatest common factor of 2483263 and 613.
613
What is the greatest common factor of 8505 and 1170?
45
Calculate the greatest common divisor of 184 and 2336.
8
What is the highest common factor of 138000 and 414?
138
Calculate the greatest common divisor of 32568 and 138.
138
Calculate the highest common divisor of 973336 and 1274.
1274
Calculate the greatest common divisor of 155176 and 40.
8
What is the greatest common factor of 1364426 and 98?
14
What is the highest common divisor of 2244288 and 960?
192
What is the highest common divisor of 301 and 665?
7
What is the highest common factor of 1744 and 52048?
16
Calculate the greatest common divisor of 41 and 18649711.
41
What is the greatest common factor of 504 and 4200?
168
What is the highest common divisor of 25384 and 4676?
668
What is the greatest common divisor of 77 and 36531?
11
Calculate the highest common factor of 18 and 888201.
9
What is the greatest common factor of 1168601 and 28?
7
What is the highest common factor of 522099 and 1098?
549
What is the greatest common divisor of 39824 and 1216?
304
Calculate the highest common divisor of 171 and 6687.
9
Calculate the highest common factor of 78463 and 308.
77
Calculate the highest common divisor of 128 and 11216.
16
Calculate the greatest common divisor of 134423 and 458.
229
Calculate the greatest common divisor of 22 and 16258.
22
Calculate the highest common factor of 160 and 4768.
32
Calculate the greatest common divisor of 366185 and 5.
5
What is the greatest common divisor of 37932 and 12876?
348
Calculate the greatest common factor of 275 and 127050.
275
Calculate the greatest common factor of 950 and 32870.
190
Calculate the highest common factor of 900 and 355600.
100
What is the highest common divisor of 462 and 364560?
42
Calculate the highest common divisor of 76358 and 730.
146
What is the highest common factor of 39216 and 768?
48
Calculate the greatest common divisor of 69 and 63411.
69
Calculate the highest common divisor of 16547 and 3.
1
Calculate the greatest common factor of 22272 and 1015.
29
What is the highest common divisor of 1902632 and 928?
232
What is the greatest common divisor of 1395 and 10323?
279
What is the highest common divisor of 1470 and 588?
294
What is the highest common divisor of 18400 and 75?
25
What is the highest common factor of 13 and 14?
1
What is the greatest common factor of 189 and 119?
7
What is the highest common divisor of 176 and 37114?
22
Calculate the highest common factor of 68 and 24463.
17
Calculate the highest common factor of 367 and 282223.
367
Calculate the highest common divisor of 196002 and 318.
6
What is the highest common divisor of 8385 and 598?
13
Calculate the highest common divisor of 17505 and 11295.
45
What is the highest common factor of 6020 and 1540?
140
What is the highest common factor of 135550 and 375?
25
Calculate the greatest common divisor of 84600 and 2250.
450
Calculate the greatest common factor of 36 and 187740.
36
What is the highest common factor of 40 and 13100?
20
Calculate the greatest common divisor of 6685 and 3430.
35
What is the highest common factor of 264 and 3772912?
88
Calculate the greatest common factor of 1896 and 205558.
158
Calculate the greatest common factor of 72 and 248796.
36
Calculate the greatest common divisor of 406 and 1565594.
58
What is the highest common divisor of 351 and 130637?
13
What is the greatest common factor of 171 and 34998?
57
Calculate the greatest common factor of 137106 and 21.
3
Calculate the highest common factor of 5466540 and 3720.
1860
What is the greatest common factor of 4497580 and 2120?
1060
What is the highest common divisor of 592 and 2882744?
296
What is the greatest common factor of 29232 and 3364?
116
Calculate the greatest common factor of 211113 and 2079.
189
Calculate the greatest common factor of 487324 and 115.
23
What is the greatest common factor of 266 and 24458?
14
What is the highest common divisor of 2960 and 4480?
80
What is the greatest common factor of 20891 and 117?
13
What is the greatest common factor of 6773 and 11462?
521
What is the highest common divisor of 405648 and 1728?
432
What is the greatest common divisor of 832 and 289796?
52
What is the highest common divisor of 122 and 43066?
122
Calculate the greatest common factor of 55 and 82907.
11
Calculate the greatest common divisor of 4605 and 765.
15
What is the highest common divisor of 2074 and 5612?
122
What is the highest common divisor of 373 and 256624?
373
Calculate the highest common factor of 1903687 and 851.
851
Calculate the greatest common factor of 72 and 365238.
18
What is the greatest common divisor of 14579 and 183?
61
What is the highest common divisor of 215390 and 181?
181
Calculate the highest common divisor of 42347 and 4888.
47
Calculate the greatest common divisor of 3875 and 11315.
155
Calculate the highest common factor of 760 and 931.
19
What is the highest common factor of 649 and 5258?
11
Calculate the greatest common factor of 281021 and 13.
13
Calculate the highest common divisor of 8503 and 891.
11
Calculate the greatest common divisor of 69461 and 14.
7
Calculate the greatest common factor of 1825 and 6351.
73
Calculate the highest common divisor of 127502 and 148.
74
What is the highest common divisor of 457937 and 1164?
97
Calculate the highest common divisor of 29468 and 11537.
139
Calculate the highest common factor of 48 and 2658168.
24
Calculate the highest common factor of 2417540 and 20.
20
Calculate the greatest common factor of 2322 and 25413.
129
Calculate the greatest common divisor of 464912 and 8.
8
Calculate the highest common divisor of 3597 and 20361.
33
Calculate the greatest common factor of 343488 and 384.
192
Calculate the greatest common factor of 198 and 81072.
18
Calculate the highest common factor of 17685 and 2489.
131
Calculate the highest common factor of 27696 and 24811.
577
Calculate the highest common factor